{"id":32,"date":"2025-11-22T09:00:25","date_gmt":"2025-11-22T09:00:25","guid":{"rendered":"https:\/\/www.drhayriyealp.com\/?page_id=32"},"modified":"2026-02-25T10:01:36","modified_gmt":"2026-02-25T10:01:36","slug":"homeopati","status":"publish","type":"page","link":"https:\/\/www.drhayriyealp.com\/?page_id=32","title":{"rendered":"Homeopati"},"content":{"rendered":"\n<h1 class=\"wp-block-heading\">Homeopati<\/h1>\n\n\n\n<p>Homeopati uygulamalar\u0131, son y\u0131llarda do\u011fal ve b\u00fct\u00fcnc\u00fcl tedavi y\u00f6ntemlerine y\u00f6nelen bir\u00e7ok ki\u015fi taraf\u0131ndan tercih edilmektedir. V\u00fccudun kendi iyile\u015fme mekanizmalar\u0131n\u0131 desteklemeyi ama\u00e7layan homeopati, ki\u015fiye \u00f6zel yakla\u015f\u0131m\u0131yla dikkat \u00e7eker. homeopati alan\u0131nda g\u00fcvenilir ve bilimsel temelli hizmet almak isteyenler i\u00e7in <strong>Uzm. Dr. Hayriye Alp<\/strong>, deneyimi ve b\u00fct\u00fcnc\u00fcl bak\u0131\u015f a\u00e7\u0131s\u0131yla \u00f6ne \u00e7\u0131kmaktad\u0131r.<\/p>\n\n\n\n<p>Homeopati, yaln\u0131zca hastal\u0131\u011f\u0131n belirtilerine de\u011fil, ki\u015finin fiziksel, zihinsel ve duygusal durumuna bir b\u00fct\u00fcn olarak yakla\u015f\u0131r. Bu y\u00f6n\u00fcyle klasik tedavi y\u00f6ntemlerini tamamlay\u0131c\u0131 nitelikte olup, bir\u00e7ok kronik ve tekrarlayan rahats\u0131zl\u0131kta destekleyici bir rol \u00fcstlenir.<\/p>\n\n\n\n<h2 class=\"wp-block-heading\">Homeopati Nedir?<\/h2>\n\n\n\n<p>Homeopati, \u201cbenzer benzeri iyile\u015ftirir\u201d prensibine dayanan, do\u011fal maddelerin \u00f6zel y\u00f6ntemlerle haz\u0131rlanarak kullan\u0131ld\u0131\u011f\u0131 bir tamamlay\u0131c\u0131 t\u0131p y\u00f6ntemidir. \u00c7ok d\u00fc\u015f\u00fck dozlarda verilen bu preparatlar, v\u00fccudun savunma ve iyile\u015fme sistemlerini harekete ge\u00e7irmeyi hedefler.<\/p>\n","protected":false},"excerpt":{"rendered":"<p>Homeopati Homeopati uygulamalar\u0131, son y\u0131llarda do\u011fal ve b\u00fct\u00fcnc\u00fcl tedavi y\u00f6ntemlerine y\u00f6nelen bir\u00e7ok ki\u015fi taraf\u0131ndan tercih edilmektedir. V\u00fccudun kendi iyile\u015fme mekanizmalar\u0131n\u0131 desteklemeyi ama\u00e7layan homeopati, ki\u015fiye \u00f6zel yakla\u015f\u0131m\u0131yla dikkat \u00e7eker. homeopati alan\u0131nda g\u00fcvenilir ve bilimsel temelli hizmet almak isteyenler i\u00e7in Uzm. Dr. Hayriye Alp, deneyimi ve b\u00fct\u00fcnc\u00fcl bak\u0131\u015f a\u00e7\u0131s\u0131yla \u00f6ne \u00e7\u0131kmaktad\u0131r. Homeopati, yaln\u0131zca hastal\u0131\u011f\u0131n belirtilerine de\u011fil, ki\u015finin [&hellip;]<\/p>\n","protected":false},"author":1,"featured_media":81,"parent":0,"menu_order":0,"comment_status":"closed","ping_status":"closed","template":"","meta":{"footnotes":""},"class_list":["post-32","page","type-page","status-publish","has-post-thumbnail","hentry"],"_links":{"self":[{"href":"https:\/\/www.drhayriyealp.com\/index.php?rest_route=\/wp\/v2\/pages\/32","targetHints":{"allow":["GET"]}}],"collection":[{"href":"https:\/\/www.drhayriyealp.com\/index.php?rest_route=\/wp\/v2\/pages"}],"about":[{"href":"https:\/\/www.drhayriyealp.com\/index.php?rest_route=\/wp\/v2\/types\/page"}],"author":[{"embeddable":true,"href":"https:\/\/www.drhayriyealp.com\/index.php?rest_route=\/wp\/v2\/users\/1"}],"replies":[{"embeddable":true,"href":"https:\/\/www.drhayriyealp.com\/index.php?rest_route=%2Fwp%2Fv2%2Fcomments&post=32"}],"version-history":[{"count":4,"href":"https:\/\/www.drhayriyealp.com\/index.php?rest_route=\/wp\/v2\/pages\/32\/revisions"}],"predecessor-version":[{"id":178,"href":"https:\/\/www.drhayriyealp.com\/index.php?rest_route=\/wp\/v2\/pages\/32\/revisions\/178"}],"wp:featuredmedia":[{"embeddable":true,"href":"https:\/\/www.drhayriyealp.com\/index.php?rest_route=\/wp\/v2\/media\/81"}],"wp:attachment":[{"href":"https:\/\/www.drhayriyealp.com\/index.php?rest_route=%2Fwp%2Fv2%2Fmedia&parent=32"}],"curies":[{"name":"wp","href":"https:\/\/api.w.org\/{rel}","templated":true}]}}