{"id":21,"date":"2025-11-22T09:00:12","date_gmt":"2025-11-22T09:00:12","guid":{"rendered":"https:\/\/www.drhayriyealp.com\/?page_id=21"},"modified":"2026-02-25T10:02:08","modified_gmt":"2026-02-25T10:02:08","slug":"fitoterapi","status":"publish","type":"page","link":"https:\/\/www.drhayriyealp.com\/?page_id=21","title":{"rendered":"Fitoterapi"},"content":{"rendered":"\n<h1 class=\"wp-block-heading\">Fitoterapi<\/h1>\n\n\n\n<p>Fitoterapi, bitkilerin y\u00fczy\u0131llard\u0131r bilinen \u015fifa g\u00fcc\u00fcn\u00fc modern t\u0131bb\u0131n bilimsel yakla\u015f\u0131m\u0131yla birle\u015ftiren etkili ve do\u011fal bir tedavi y\u00f6ntemidir. G\u00fcn\u00fcm\u00fczde bir\u00e7ok ki\u015fi, kimyasal ila\u00e7lar\u0131n yan etkilerinden ka\u00e7\u0131nmak ve daha b\u00fct\u00fcnc\u00fcl bir sa\u011fl\u0131k anlay\u0131\u015f\u0131na y\u00f6nelmek i\u00e7in fitoterapiye ilgi g\u00f6stermektedir. \u00d6zellikle fitoterapi alan\u0131nda uzman bir hekimle \u00e7al\u0131\u015fmak, hem g\u00fcvenli hem de kal\u0131c\u0131 sonu\u00e7lar elde edilmesini sa\u011flar. Bu noktada <strong>Uzm. Dr. Hayriye Alp<\/strong>, ki\u015fiye \u00f6zel fitoterapi uygulamalar\u0131yla \u00f6ne \u00e7\u0131kan isimlerden biridir.<\/p>\n\n\n\n<h2 class=\"wp-block-heading\">Fitoterapi Nedir?<\/h2>\n\n\n\n<p>Fitoterapi, hastal\u0131klar\u0131n \u00f6nlenmesi ve tedavisinde t\u0131bbi bitkilerden elde edilen \u00f6z\u00fctlerin, \u00e7aylar\u0131n, kaps\u00fcllerin veya \u00f6zel form\u00fcllerin kullan\u0131ld\u0131\u011f\u0131 tamamlay\u0131c\u0131 t\u0131p y\u00f6ntemidir. Ancak burada \u00f6nemli olan, fitoterapinin bilin\u00e7sizce de\u011fil; t\u0131p e\u011fitimi alm\u0131\u015f, bu alanda uzmanla\u015fm\u0131\u015f hekimler taraf\u0131ndan uygulanmas\u0131d\u0131r.<\/p>\n\n\n\n<p>Fitoterapi uygulamalar\u0131nda, bitkilerin etken maddeleri bilimsel dozlarda de\u011ferlendirilir ve ki\u015finin ya\u015f\u0131, mevcut hastal\u0131klar\u0131, kulland\u0131\u011f\u0131 ila\u00e7lar dikkate al\u0131narak bir tedavi plan\u0131 olu\u015fturulur.<\/p>\n","protected":false},"excerpt":{"rendered":"<p>Fitoterapi Fitoterapi, bitkilerin y\u00fczy\u0131llard\u0131r bilinen \u015fifa g\u00fcc\u00fcn\u00fc modern t\u0131bb\u0131n bilimsel yakla\u015f\u0131m\u0131yla birle\u015ftiren etkili ve do\u011fal bir tedavi y\u00f6ntemidir. G\u00fcn\u00fcm\u00fczde bir\u00e7ok ki\u015fi, kimyasal ila\u00e7lar\u0131n yan etkilerinden ka\u00e7\u0131nmak ve daha b\u00fct\u00fcnc\u00fcl bir sa\u011fl\u0131k anlay\u0131\u015f\u0131na y\u00f6nelmek i\u00e7in fitoterapiye ilgi g\u00f6stermektedir. \u00d6zellikle fitoterapi alan\u0131nda uzman bir hekimle \u00e7al\u0131\u015fmak, hem g\u00fcvenli hem de kal\u0131c\u0131 sonu\u00e7lar elde edilmesini sa\u011flar. Bu noktada [&hellip;]<\/p>\n","protected":false},"author":1,"featured_media":80,"parent":0,"menu_order":0,"comment_status":"closed","ping_status":"closed","template":"","meta":{"footnotes":""},"class_list":["post-21","page","type-page","status-publish","has-post-thumbnail","hentry"],"_links":{"self":[{"href":"https:\/\/www.drhayriyealp.com\/index.php?rest_route=\/wp\/v2\/pages\/21","targetHints":{"allow":["GET"]}}],"collection":[{"href":"https:\/\/www.drhayriyealp.com\/index.php?rest_route=\/wp\/v2\/pages"}],"about":[{"href":"https:\/\/www.drhayriyealp.com\/index.php?rest_route=\/wp\/v2\/types\/page"}],"author":[{"embeddable":true,"href":"https:\/\/www.drhayriyealp.com\/index.php?rest_route=\/wp\/v2\/users\/1"}],"replies":[{"embeddable":true,"href":"https:\/\/www.drhayriyealp.com\/index.php?rest_route=%2Fwp%2Fv2%2Fcomments&post=21"}],"version-history":[{"count":4,"href":"https:\/\/www.drhayriyealp.com\/index.php?rest_route=\/wp\/v2\/pages\/21\/revisions"}],"predecessor-version":[{"id":180,"href":"https:\/\/www.drhayriyealp.com\/index.php?rest_route=\/wp\/v2\/pages\/21\/revisions\/180"}],"wp:featuredmedia":[{"embeddable":true,"href":"https:\/\/www.drhayriyealp.com\/index.php?rest_route=\/wp\/v2\/media\/80"}],"wp:attachment":[{"href":"https:\/\/www.drhayriyealp.com\/index.php?rest_route=%2Fwp%2Fv2%2Fmedia&parent=21"}],"curies":[{"name":"wp","href":"https:\/\/api.w.org\/{rel}","templated":true}]}}