{"id":20,"date":"2025-11-22T09:00:08","date_gmt":"2025-11-22T09:00:08","guid":{"rendered":"https:\/\/www.drhayriyealp.com\/?page_id=20"},"modified":"2026-02-25T10:03:58","modified_gmt":"2026-02-25T10:03:58","slug":"mezoterapi","status":"publish","type":"page","link":"https:\/\/www.drhayriyealp.com\/?page_id=20","title":{"rendered":"Mezoterapi"},"content":{"rendered":"\n<h1 class=\"wp-block-heading\">Mezoterapi<\/h1>\n\n\n\n<p>mezoterapi uygulamalar\u0131, son y\u0131llarda hem estetik hem de tedavi edici ama\u00e7larla en \u00e7ok tercih edilen modern y\u00f6ntemlerden biri haline gelmi\u015ftir. Cilt sa\u011fl\u0131\u011f\u0131n\u0131 desteklemesi, sa\u00e7 d\u00f6k\u00fclmesini azaltmas\u0131, b\u00f6lgesel incelme ve a\u011fr\u0131 tedavilerinde etkili sonu\u00e7lar sunmas\u0131 sayesinde mezoterapi; do\u011fal, g\u00fcvenli ve hedef odakl\u0131 bir yakla\u015f\u0131m olarak \u00f6ne \u00e7\u0131kar. Konya\u2019da mezoterapi denildi\u011finde ise uzman hekim tecr\u00fcbesi ve b\u00fct\u00fcnc\u00fcl tedavi yakla\u015f\u0131m\u0131 b\u00fcy\u00fck \u00f6nem ta\u015f\u0131r. Bu noktada Uzm. Dr. Hayriye Alp, mezoterapiyi tamamlay\u0131c\u0131 t\u0131p uygulamalar\u0131yla birle\u015ftirerek hastalar\u0131na ki\u015fiye \u00f6zel \u00e7\u00f6z\u00fcmler sunmaktad\u0131r.<\/p>\n\n\n\n<h2 class=\"wp-block-heading\">Mezoterapi Nedir?<\/h2>\n\n\n\n<p>Mezoterapi; vitamin, mineral, aminoasit, enzim ve \u00e7e\u015fitli tedavi edici maddelerin \u00e7ok ince i\u011fnelerle do\u011frudan problemli b\u00f6lgeye enjekte edilmesi i\u015flemidir. A\u011f\u0131zdan al\u0131nan ya da dola\u015f\u0131m yoluyla t\u00fcm v\u00fccuda yay\u0131lan tedavilerin aksine, mezoterapi do\u011frudan hedef dokuda etki g\u00f6sterir. Bu da daha h\u0131zl\u0131 ve etkili sonu\u00e7lar al\u0131nmas\u0131n\u0131 sa\u011flar.<\/p>\n","protected":false},"excerpt":{"rendered":"<p>Mezoterapi mezoterapi uygulamalar\u0131, son y\u0131llarda hem estetik hem de tedavi edici ama\u00e7larla en \u00e7ok tercih edilen modern y\u00f6ntemlerden biri haline gelmi\u015ftir. Cilt sa\u011fl\u0131\u011f\u0131n\u0131 desteklemesi, sa\u00e7 d\u00f6k\u00fclmesini azaltmas\u0131, b\u00f6lgesel incelme ve a\u011fr\u0131 tedavilerinde etkili sonu\u00e7lar sunmas\u0131 sayesinde mezoterapi; do\u011fal, g\u00fcvenli ve hedef odakl\u0131 bir yakla\u015f\u0131m olarak \u00f6ne \u00e7\u0131kar. Konya\u2019da mezoterapi denildi\u011finde ise uzman hekim tecr\u00fcbesi ve [&hellip;]<\/p>\n","protected":false},"author":1,"featured_media":84,"parent":0,"menu_order":0,"comment_status":"closed","ping_status":"closed","template":"","meta":{"footnotes":""},"class_list":["post-20","page","type-page","status-publish","has-post-thumbnail","hentry"],"_links":{"self":[{"href":"https:\/\/www.drhayriyealp.com\/index.php?rest_route=\/wp\/v2\/pages\/20","targetHints":{"allow":["GET"]}}],"collection":[{"href":"https:\/\/www.drhayriyealp.com\/index.php?rest_route=\/wp\/v2\/pages"}],"about":[{"href":"https:\/\/www.drhayriyealp.com\/index.php?rest_route=\/wp\/v2\/types\/page"}],"author":[{"embeddable":true,"href":"https:\/\/www.drhayriyealp.com\/index.php?rest_route=\/wp\/v2\/users\/1"}],"replies":[{"embeddable":true,"href":"https:\/\/www.drhayriyealp.com\/index.php?rest_route=%2Fwp%2Fv2%2Fcomments&post=20"}],"version-history":[{"count":5,"href":"https:\/\/www.drhayriyealp.com\/index.php?rest_route=\/wp\/v2\/pages\/20\/revisions"}],"predecessor-version":[{"id":184,"href":"https:\/\/www.drhayriyealp.com\/index.php?rest_route=\/wp\/v2\/pages\/20\/revisions\/184"}],"wp:featuredmedia":[{"embeddable":true,"href":"https:\/\/www.drhayriyealp.com\/index.php?rest_route=\/wp\/v2\/media\/84"}],"wp:attachment":[{"href":"https:\/\/www.drhayriyealp.com\/index.php?rest_route=%2Fwp%2Fv2%2Fmedia&parent=20"}],"curies":[{"name":"wp","href":"https:\/\/api.w.org\/{rel}","templated":true}]}}