{"id":14,"date":"2025-11-22T08:59:34","date_gmt":"2025-11-22T08:59:34","guid":{"rendered":"https:\/\/www.drhayriyealp.com\/?page_id=14"},"modified":"2026-02-25T10:02:29","modified_gmt":"2026-02-25T10:02:29","slug":"kronik-hastaliklar-ve-kronik-agri-tedavisi","status":"publish","type":"page","link":"https:\/\/www.drhayriyealp.com\/?page_id=14","title":{"rendered":"Kronik Hastal\u0131klar ve Kronik A\u011fr\u0131 Tedavisi"},"content":{"rendered":"\n<h1 class=\"wp-block-heading\">Kronik Hastal\u0131klar ve Kronik A\u011fr\u0131 Tedavisi<\/h1>\n\n\n\n<p>kronik hastal\u0131klar ve kronik a\u011fr\u0131 tedavisi, uzun s\u00fcredir devam eden ve ya\u015fam kalitesini ciddi \u015fekilde d\u00fc\u015f\u00fcren sa\u011fl\u0131k sorunlar\u0131yla m\u00fccadele eden hastalar i\u00e7in b\u00fcy\u00fck \u00f6nem ta\u015f\u0131r. Kronik a\u011fr\u0131; bel, boyun, diz, omuz a\u011fr\u0131lar\u0131, fibromiyalji, migren ve romatizmal rahats\u0131zl\u0131klar gibi pek \u00e7ok farkl\u0131 hastal\u0131\u011f\u0131n ortak sonucu olarak ortaya \u00e7\u0131kabilir. Kronik hastal\u0131klar ise yaln\u0131zca fiziksel de\u011fil, psikolojik ve sosyal hayat\u0131 da etkileyen, b\u00fct\u00fcnc\u00fcl bir yakla\u015f\u0131m gerektiren durumlard\u0131r. bu alanda modern ve tamamlay\u0131c\u0131 t\u0131p uygulamalar\u0131n\u0131 bir arada sunan Uzm. Dr. Hayriye Alp, ki\u015fiye \u00f6zel tedavi planlar\u0131yla \u00f6ne \u00e7\u0131kmaktad\u0131r.<\/p>\n\n\n\n<h2 class=\"wp-block-heading\">Kronik Hastal\u0131k Nedir, Kronik A\u011fr\u0131 Nas\u0131l Ortaya \u00c7\u0131kar?<\/h2>\n\n\n\n<p>Kronik hastal\u0131klar, genellikle uzun s\u00fcre devam eden, tamamen ortadan kalkmas\u0131 zor ancak do\u011fru tedaviyle kontrol alt\u0131na al\u0131nabilen hastal\u0131klard\u0131r. Diyabet, romatizmal hastal\u0131klar, otoimm\u00fcn hastal\u0131klar, kronik yorgunluk sendromu ve fibromiyalji bu gruba girer. Kronik a\u011fr\u0131 ise \u00fc\u00e7 aydan uzun s\u00fcren, \u00e7o\u011fu zaman klasik a\u011fr\u0131 kesicilerle ge\u00e7meyen ve ki\u015finin g\u00fcnl\u00fck ya\u015fam\u0131n\u0131 k\u0131s\u0131tlayan a\u011fr\u0131lar olarak tan\u0131mlan\u0131r.<\/p>\n","protected":false},"excerpt":{"rendered":"<p>Kronik Hastal\u0131klar ve Kronik A\u011fr\u0131 Tedavisi kronik hastal\u0131klar ve kronik a\u011fr\u0131 tedavisi, uzun s\u00fcredir devam eden ve ya\u015fam kalitesini ciddi \u015fekilde d\u00fc\u015f\u00fcren sa\u011fl\u0131k sorunlar\u0131yla m\u00fccadele eden hastalar i\u00e7in b\u00fcy\u00fck \u00f6nem ta\u015f\u0131r. Kronik a\u011fr\u0131; bel, boyun, diz, omuz a\u011fr\u0131lar\u0131, fibromiyalji, migren ve romatizmal rahats\u0131zl\u0131klar gibi pek \u00e7ok farkl\u0131 hastal\u0131\u011f\u0131n ortak sonucu olarak ortaya \u00e7\u0131kabilir. Kronik hastal\u0131klar [&hellip;]<\/p>\n","protected":false},"author":1,"featured_media":82,"parent":0,"menu_order":0,"comment_status":"closed","ping_status":"closed","template":"","meta":{"footnotes":""},"class_list":["post-14","page","type-page","status-publish","has-post-thumbnail","hentry"],"_links":{"self":[{"href":"https:\/\/www.drhayriyealp.com\/index.php?rest_route=\/wp\/v2\/pages\/14","targetHints":{"allow":["GET"]}}],"collection":[{"href":"https:\/\/www.drhayriyealp.com\/index.php?rest_route=\/wp\/v2\/pages"}],"about":[{"href":"https:\/\/www.drhayriyealp.com\/index.php?rest_route=\/wp\/v2\/types\/page"}],"author":[{"embeddable":true,"href":"https:\/\/www.drhayriyealp.com\/index.php?rest_route=\/wp\/v2\/users\/1"}],"replies":[{"embeddable":true,"href":"https:\/\/www.drhayriyealp.com\/index.php?rest_route=%2Fwp%2Fv2%2Fcomments&post=14"}],"version-history":[{"count":4,"href":"https:\/\/www.drhayriyealp.com\/index.php?rest_route=\/wp\/v2\/pages\/14\/revisions"}],"predecessor-version":[{"id":181,"href":"https:\/\/www.drhayriyealp.com\/index.php?rest_route=\/wp\/v2\/pages\/14\/revisions\/181"}],"wp:featuredmedia":[{"embeddable":true,"href":"https:\/\/www.drhayriyealp.com\/index.php?rest_route=\/wp\/v2\/media\/82"}],"wp:attachment":[{"href":"https:\/\/www.drhayriyealp.com\/index.php?rest_route=%2Fwp%2Fv2%2Fmedia&parent=14"}],"curies":[{"name":"wp","href":"https:\/\/api.w.org\/{rel}","templated":true}]}}